igit of 18556?
5
What is the units digit of 35931?
1
What is the thousands digit of 6092?
6
What is the units digit of 10986?
6
What is the units digit of 813?
3
What is the thousands digit of 1137?
1
What is the units digit of 402?
2
What is the tens digit of 10803?
0
What is the tens digit of 437?
3
What is the units digit of 64369?
9
What is the thousands digit of 66153?
6
What is the hundreds digit of 9064?
0
What is the thousands digit of 16568?
6
What is the ten thousands digit of 22631?
2
What is the hundreds digit of 29445?
4
What is the hundreds digit of 20129?
1
What is the tens digit of 22588?
8
What is the hundreds digit of 6708?
7
What is the hundreds digit of 21332?
3
What is the hundreds digit of 1009?
0
What is the units digit of 6962?
2
What is the tens digit of 708?
0
What is the tens digit of 18550?
5
What is the hundreds digit of 212?
2
What is the ten thousands digit of 21144?
2
What is the ten thousands digit of 19137?
1
What is the thousands digit of 1632?
1
What is the tens digit of 27685?
8
What is the hundreds digit of 294?
2
What is the hundreds digit of 2121?
1
What is the tens digit of 292?
9
What is the tens digit of 36602?
0
What is the thousands digit of 5733?
5
What is the units digit of 103?
3
What is the units digit of 28177?
7
What is the tens digit of 375?
7
What is the units digit of 14576?
6
What is the units digit of 66073?
3
What is the tens digit of 92933?
3
What is the units digit of 22625?
5
What is the units digit of 11927?
7
What is the hundreds digit of 150?
1
What is the hundreds digit of 646?
6
What is the units digit of 460?
0
What is the hundreds digit of 47461?
4
What is the hundreds digit of 4508?
5
What is the thousands digit of 42948?
2
What is the units digit of 167?
7
What is the hundreds digit of 1552?
5
What is the tens digit of 14928?
2
What is the units digit of 26854?
4
What is the hundreds digit of 3993?
9
What is the units digit of 11234?
4
What is the thousands digit of 4522?
4
What is the thousands digit of 62428?
2
What is the thousands digit of 45745?
5
What is the hundreds digit of 16390?
3
What is the ten thousands digit of 67864?
6
What is the hundreds digit of 13015?
0
What is the hundreds digit of 41213?
2
What is the hundreds digit of 19974?
9
What is the hundreds digit of 56941?
9
What is the thousands digit of 26466?
6
What is the tens digit of 167141?
4
What is the units digit of 5837?
7
What is the ten thousands digit of 27398?
2
What is the hundreds digit of 779?
7
What is the hundreds digit of 548?
5
What is the hundreds digit of 39972?
9
What is the hundreds digit of 852?
8
What is the units digit of 256?
6
What is the tens digit of 1424?
2
What is the hundreds digit of 8312?
3
What is the thousands digit of 161869?
1
What is the hundreds digit of 53508?
5
What is the thousands digit of 62915?
2
What is the tens digit of 176232?
3
What is the thousands digit of 12473?
2
What is the units digit of 732?
2
What is the thousands digit of 25219?
5
What is the units digit of 111295?
5
What is the tens digit of 17175?
7
What is the thousands digit of 2921?
2
What is the hundreds digit of 2042?
0
What is the units digit of 465?
5
What is the hundreds digit of 52490?
4
What is the tens digit of 16018?
1
What is the units digit of 21635?
5
What is the ten thousands digit of 19147?
1
What is the units digit of 3173?
3
What is the units digit of 1941?
1
What is the thousands digit of 1215?
1
What is the tens digit of 1332?
3
What is the units digit of 72452?
2
What is the hundreds digit of 13177?
1
What is the tens digit of 596?
9
What is the hundreds digit of 526?
5
What is the units digit of 837?
7
What is the units digit of 2112?
2
What is the tens digit of 9463?
6
What is the units digit of 2516?
6
What is the hundreds digit of 895?
8
What is the hundreds digit of 85514?
5
What is the thousands digit of 7607?
7
What is the units digit of 31480?
0
What is the hundreds digit of 806?
8
What is the hundreds digit of 688?
6
What is the hundreds digit of 4530?
5
What is the hundreds digit of 1310?
3
What is the tens digit of 788?
8
What is the units digit of 92071?
1
What is the tens digit of 1006?
0
What is the thousands digit of 36619?
6
What is the hundred thousands digit of 109136?
1
What is the ten thousands digit of 31719?
3
What is the units digit of 26839?
9
What is the thousands digit of 1089?
1
What is the thousands digit of 8226?
8
What is the tens digit of 2306?
0
What is the thousands digit of 3305?
3
What is the hundreds digit of 95712?
7
What is the units digit of 81874?
4
What is the units digit of 3103?
3
What is the hundreds digit of 48383?
3
What is the hundreds digit of 781?
7
What is the hundreds digit of 8278?
2
What is the tens digit of 365?
6
What is the ten thousands digit of 47804?
4
What is the units digit of 11701?
1
What is the units digit of 1042?
2
What is the thousands digit of 2658?
2
What is the units digit of 13577?
7
What is the units digit of 19839?
9
What is the tens digit of 844?
4
What is the units digit of 1055?
5
What is the tens digit of 151?
5
What is the units digit of 18294?
4
What is the units digit of 518?
8
What is the tens digit of 1789?
8
What is the tens digit of 9259?
5
What is the hundreds digit of 452?
4
What is the hundreds digit of 5247?
2
What is the tens digit of 9932?
3
What is the tens digit of 855?
5
What is the ten thousands digit of 41488?
4
What is the thousands digit of 70508?
0
What is the units digit of 7149?
9
What is the tens digit of 5065?
6
What is the hundreds digit of 3139?
1
What is the tens digit of 21242?
4
What is the hundreds digit of 2035?
0
What is the ten thousands digit of 29457?
2
What is the hundreds digit of 1318?
3
What is the tens digit of 18868?
6
What is the tens digit of 711?
1
What is the units digit of 376?
6
What is the tens digit of 402?
0
What is the hundreds digit of 8525?
5
What is the tens digit of 39574?
7
What is the units digit of 9497?
7
What is the units digit of 2923?
3
What is the units digit of 5882?
2
What is the units digit of 121616?
6
What is the thousands digit of 2518?
2
What is the units digit of 41163?
3
What is the tens digit of 6055?
5
What is the hundreds digit of 1726?
7
What is the hundreds digit of 21108?
1
What is the units digit of 28902?
2
What is the tens digit of 821?
2
What is the units digit of 5719?
9
What is the ten thousands digit of 60173?
6
What is the tens digit of 198?
9
What is the thousands digit of 4879?
4
What is the ten thousands digit of 24006?
2
What is the hundred thousands digit of 144770?
1
What is the units digit of 25199?
9
What is the hundreds digit of 1358?
3
What is the units digit of 564?
4
What is the thousands digit of 6482?
6
What is the tens digit of 12383?
8
What is the thousands digit of 6048?
6
What is the hundreds digit of 306?
3
What is the thousands digit of 5852?
5
What is the thousands digit of 6419?
6
What is the tens digit of 250?
5
What is the ten thousands digit of 16994?
1
What is the units digit of 1209?
9
What is the tens digit of 176536?
3
What is the ten thousands digit of 10371?
1
What is the hundreds digit of 113?
1
What is the units digit of 251?
1
What is the units digit of 877?
7
What is the units digit of 16718?
8
What is the hundreds digit of 1074?
0
What is the tens digit of 44742?
4
What is the units digit of 19239?
9
What is the units digit of 1593?
3
What is the ten thousands digit of 29088?
2
What is the thousands digit of 1870?
1
What is the units digit of 389?
9
What is the hundreds digit of 2302?
3
What is the hundreds digit of 152883?
8
What is the hundreds digit of 3309?
3
What is the units digit of 2656?
6
What is the hundreds digit of 2254?
2
What is the hundreds digit of 1993?
9
What is the ten thousands digit of 29385?
2
What is the thousands digit of 1120?
1
What is the hundreds digit of 51691?
6
What is the units digit of 5031?
1
What is the hundreds digit of 13826?
8
What is the units digit of 1782?
2
What is the units digit of 5912?
2
What is the tens digit of 732?
3
What is the thousands digit of 18781?
8
What is the thousands digit of 38057?
8
What is the hundreds digit of 18140?
1
What is the units digit of 50709?
9
What is the ten thousands digit of 94870?
9
What is the ten t